ppose -9107*n - 232583 = -9120*n. What are the prime factors of n?
17891
Suppose -30 = c + k, 5*c = 3*c - 5*k - 69. Let g(a) = -5*a + 202. List the prime factors of g(c).
337
Suppose 867 = 36*p + 111. Suppose p*c = 6978 + 9591. List the prime factors of c.
3, 263
Let a = 1108 + -171. List the prime factors of a.
937
Let i(b) = 11616*b**2 + b - 1. List the prime factors of i(1).
2, 3, 11
Let j(v) = -8 + 2 + 9*v - 12*v - 6. Let u be j(-5). Suppose 0 = -u*f + 6, -5*f = -5*c - f + 412. List the prime factors of c.
2, 3, 7
Suppose -7*h + 130 = -31. Suppose -4127 = -4*p + 5*v, 4*p + 25*v - 4162 = h*v. What are the prime factors of p?
2, 3, 173
Let g(f) = -27*f**3 + 2*f**2 - 4*f + 2. Let j be g(1). Let w be 2 - -1 - 1 - 6. What are the prime factors of w/6 + (-1071)/j?
3, 13
Let j(r) = -r**2 - 7*r - 5. Let d be j(-2). Suppose -2*p + 730 = 4*u - 3*u, -4*u = d*p - 2920. What are the prime factors of u?
2, 5, 73
Let r(x) = 72*x**2 + 240*x - 59. What are the prime factors of r(-25)?
7, 5563
Suppose v + 107 = -m, 4*v + 24 = -2*m - 198. Let k = m + 104. Suppose k = 19*o - 170. What are the prime factors of o?
3
Let w(n) = -11*n**3 + 8*n + 6*n**2 + 6*n**3 + 4*n**3. Let f be w(7). Suppose f*y - 916 = -293. What are the prime factors of y?
89
List the prime factors of (-3 - -474)*((8 + -7 - -6) + 61).
2, 3, 17, 157
Let o be (-1*73)/(6/12*-2). Let d = 381 + o. List the prime factors of d.
2, 227
Suppose -3*o = 3*q - 6, 5*q - 5*o + 1 = 31. Suppose 11 = t - 0*x + q*x, -2*x = 4*t - 30. Suppose -85 + 281 = t*k. List the prime factors of k.
2, 7
Suppose 0 = -2*l - 13 + 35. Suppose -q + l*q = 3580. What are the prime factors of q?
2, 179
Suppose 0 = -25*t + 30*t - 20, 3*g - 20821 = 5*t. List the prime factors of g.
6947
Suppose -2 - 2 = -4*j, 11 = d + 4*j. Let m(p) = 13 - d*p - 3*p - p. What are the prime factors of m(-5)?
2, 17
Suppose 5*c + 8*f - 4*f = 21, 0 = 3*c - 3*f - 18. Suppose 0 = 5*n - i - 3008, -2*n + 3*i + 1208 = c*i. What are the prime factors of n?
2, 7, 43
Let y(t) = 133*t - 2254. What are the prime factors of y(19)?
3, 7, 13
Suppose 20*c - 24*c + 5*x + 5635 = 0, -5*c + 7060 = -3*x. What are the prime factors of c?
5, 283
Suppose -15 = 329*b - 332*b. Suppose 0 = 5*h + 5*w - 3138 + 263, -2867 = -b*h + 3*w. List the prime factors of h.
2, 7, 41
Let j(m) = 11 + 20*m + 31 - 15*m - 34*m. What are the prime factors of j(-8)?
2, 137
Let t(a) = -28 + 12*a**2 + 56 - 19*a + 63 + 27*a. What are the prime factors of t(-10)?
7, 173
Let q = 422 + -422. What are the prime factors of 1132 + (1 - q)/(2/(-6))?
1129
Suppose -5*d - 2*o - 2*o - 41 = 0, 5*d - 5*o + 5 = 0. Let q(u) = -u**3 + 3*u**2 + 26*u + 18. What are the prime factors of q(d)?
2, 11
Let w(f) = 20*f**3 + f**2 + f - 1. Let q be w(1). Let j(b) = -2 + 0 + q*b - 22*b + 96*b**2. List the prime factors of j(-1).
5, 19
Suppose -7*a + 4*s - 16434 + 140046 = 0, -5*a - 3*s = -88265. List the prime factors of a.
2, 2207
Let x(n) = n**3 + n**2 - 21*n + 2. Let b be x(-5). Suppose 4*j + 620 = 4*k, -3*k + 4*j = -b*k + 612. What are the prime factors of k?
2, 7, 11
Let d(o) = o**3 + 4*o**2 - 6*o + 46. Let r be d(-6). Suppose 0*p = 5*t + 5*p - 5765, 2*p = -r. What are the prime factors of t?
2, 3, 193
Suppose 27868 - 6428 = 5*u. Suppose 0 = -0*d - 8*d + u. What are the prime factors of 8/48*d*(-3)/(-2)?
2, 67
Suppose 31*t + 9978 = 32*t + 3*j, -t = -j - 9958. What are the prime factors of t?
3, 41
Let k be ((-440)/(-242))/((-8)/(-44)). Let t(w) = 2*w**3 - 9*w**2 - 7*w + 30. What are the prime factors of t(k)?
2, 5, 53
Let c = 48 + -209. Suppose -g = 2*u + 122, 5*g + 3*u - 243 = -867. Let k = g - c. What are the prime factors of k?
5, 7
Let b = -8 - -18. Suppose -b*x - 457 + 4047 = 0. List the prime factors of x.
359
Suppose -18*r - 2758767 = -55*r - 86*r. What are the prime factors of r?
11, 2039
Let i(y) = y**3 - 3*y**2 - 5*y + 7. Let r be i(4). Suppose -r*g = -1279 + 181. Suppose g = 5*b - 249. List the prime factors of b.
3, 41
Let i(z) = 15*z**2 + 9*z + 8. Let q be i(-6). Let k(t) = 2*t**2 - 5*t + 4. Let p be k(-12). Let l = q - p. List the prime factors of l.
2, 71
What are the prime factors of 12*(-381 - -4312 - (3 + -2 + 2))?
2, 3, 491
Suppose 0 = 17*k - 19*k + 14. Let l be 2*k + -4 + 0. Suppose -3*p = -3*h - 261, 5*p = l*p - 4*h - 432. What are the prime factors of p?
2, 3, 7
Suppose 0*u = 2*u - 10. Let q(k) be the second derivative of -k**5/20 + k**4/2 + 5*k**3/6 + k**2/2 + 13*k. List the prime factors of q(u).
3, 17
Suppose -48*u + 43*u - 475 = 0. Let x = -116 - u. List the prime factors of ((-1)/(-3))/1 - 5096/x.
3
Suppose 1606 = -5*z + 12136. Let q be (8/(-3))/(2/(-6)). Suppose z = w + q*w. What are the prime factors of w?
2, 3, 13
Let h(x) be the second derivative of 49*x**5/30 - x**4/8 + x**3/3 + 11*x**2/2 - 10*x. Let b(r) be the first derivative of h(r). List the prime factors of b(1).
97
Suppose -12*t + 1610457 = 15*t - 482016. What are the prime factors of t?
3, 79, 109
Let q(h) = -h**2 + 19*h - 51. Let k be q(16). What are the prime factors of (7191/(-204))/(k/32)?
2, 47
Let c be (-3173)/(-6) - (-2)/(-12)*-1. Let k = c + -238. Suppose -59 + k = 2*i. List the prime factors of i.
2, 29
Let f be 32 + -6*((-7)/6 + 1). Suppose -f = -2*l - 1. What are the prime factors of (l/12*-5)/((-4)/18)?
2, 3, 5
Let r be (-8)/(-5) - 38/(-95). Suppose 2*b + 25 + 9 = -5*k, 0 = 2*k - r*b + 8. What are the prime factors of (-515)/k - (-2)/12?
2, 43
List the prime factors of (-22)/(-275) + (-706115)/(-125).
3, 7, 269
What are the prime factors of ((6 - 2) + (-3 - -7 - 256))*-51?
2, 3, 17, 31
Suppose g = -5*f - 816, -f - 3*g + 60 - 212 = 0. Let x = 527 + f. What are the prime factors of x?
3, 11
Let p(z) = 44*z**3 + 6*z**2 + 49*z - 110. List the prime factors of p(11).
11, 61, 89
Suppose -2*w - q = -2*q - 23306, -5*q + 69966 = 6*w. List the prime factors of w.
2, 31, 47
Let t(f) = 57*f**3 + 5*f**2 - f - 1. Suppose -5 = 3*h + 5*a - 16, h - a - 1 = 0. List the prime factors of t(h).
11, 43
Let l = 49032 - 32988. What are the prime factors of l?
2, 3, 7, 191
Let j(t) = 23500*t**2 - 11*t + 11. List the prime factors of j(1).
2, 5, 47
Let d = 9104 + -9053. Suppose -2*o = -17 - 63. Suppose -49*s - o = -d*s. List the prime factors of s.
2, 5
Let x be (-136)/40 + 6/(-10). Let b(c) be the first derivative of -59*c**2/2 + 29*c - 46. What are the prime factors of b(x)?
5, 53
Let x = 4630 + -3091. Suppose -8*n + x = 11*n. What are the prime factors of n?
3
Let u = 23247 - 13630. List the prime factors of u.
59, 163
Let y = -3593 - -9593. Suppose 12*b = 3120 + y. What are the prime factors of b?
2, 5, 19
Let o be ((-15)/4)/((-57)/(-1216)). What are the prime factors of (80/o)/((0 + 1)/(-690))?
2, 3, 5, 23
Suppose -4*z + 22688 = 2*x, 4*x + 7885 = 4*z + 53321. List the prime factors of x.
2, 7, 811
Suppose -46247 = 12*a - 37290 - 107357. List the prime factors of a.
2, 5, 41
Let d be (256/40)/(2/10). Suppose 4*i = -16 + d. Suppose y - 179 = i*a, 3*y + 295 - 782 = 2*a. What are the prime factors of y?
3, 53
Let g(m) = -2*m**2 + 26*m + 2. Let h be g(13). Let i be h/(-4)*0/((-7)/1). Suppose i = -2*t - 14 + 220. What are the prime factors of t?
103
Suppose 0 = -3*w - 4*i + 97172, 5287 = 5*w + i - 156672. List the prime factors of w.
2, 4049
Let m = 171 - 246. Let c = m - -78. What are the prime factors of (c + 3 + 0)*29/2?
3, 29
Suppose -109162 = -5*r - 5*n - 13952, 3*r - 57132 = -2*n. What are the prime factors of r?
2, 2381
Suppose o + 0 = -k + 4, 11 = 5*o - 4*k. Suppose 0 = -g - 3*l + 317, -o*g = -g + l - 659. List the prime factors of g.
2, 83
Let g(o) = -o**3 + 9*o**2 + 17*o - 14. Suppose -3*l = 2*t + 292, 0*t + t = -2*l - 196. Let y = 106 + l. What are the prime factors of g(y)?
2, 7
Let l = -37 - -83. Let d = l - 131. Let u = d + 149. What are the prime factors of u?
2
Suppose -4251 = -3*c + 3*v, v = -3*c - 642 + 4905. Suppose -4*w + 0*w = -c. List the prime factors of w.
5, 71
Let k(b) = b**3 - 9*b**2 - 35*b + 148. Let o be k(11). Suppose -4*f = -5*h - 0*f + 5750, o*f = 0. List the prime factors of h.
2, 5, 23
Let m be 8/(-20)*-35 + 5. Suppose 13*l = m*l - 2124. What are the prime factors of l?
2, 3, 59
Let m be ((-10815)/(-14))/(-15)*-4. Suppose 3*r + m + 34 = 4*b, -3*r - 114 = -2*b. What are the prime factors of b?
3, 7
Let m(v) = 1